.
-3
Let g(q) = -4*q**2 - 22*q + 9. Calculate g(-6).
-3
Let a(o) = -20*o**2 - o. What is a(1)?
-21
Let j(w) = -w**2 + 64*w + 203. Determine j(67).
2
Let j(v) = -2*v**2 - 3*v - 4. What is j(-2)?
-6
Let b(y) = 8*y - 22. Give b(8).
42
Let t(o) = o**3 + 7*o**2 + 4*o - 36. Give t(-5).
-6
Let m(d) = d**2 + 35*d + 304. Calculate m(-16).
0
Let p(f) = 17*f + 2. Calculate p(-1).
-15
Let f(p) = 6*p**2 + 10*p - 5. What is f(-3)?
19
Let r(a) = -a - 47. Determine r(-23).
-24
Let o(t) = 6*t**2 - 2. What is o(2)?
22
Let w(j) = j**3 + 8*j**2 + 47*j + 280. What is w(-7)?
0
Let c(p) = -p**3 + 9*p**2 - 7*p + 6. Calculate c(8).
14
Let q(o) = 2*o - 4. Give q(4).
4
Let w(d) = -d - 48. Calculate w(-8).
-40
Let f(k) = -k**2 - 5*k + 2. Give f(-7).
-12
Let d(c) = -5*c**2 - 2*c - 1. Determine d(-4).
-73
Let i(n) = -n**2 - 4*n + 6. Determine i(-5).
1
Let r(d) = -d**3 + 11*d**2 + 4*d - 24. Give r(11).
20
Let f(i) = -4*i**3 + 10*i**2 - 5*i - 3. Determine f(3).
-36
Let g(z) = -z**2 + 10*z - 12. Give g(6).
12
Let p(x) = x**3 + 19*x**2 + 20*x + 42. What is p(-18)?
6
Let v(q) = -q**2 + 7*q - 17. Determine v(4).
-5
Let i(x) = -x**3 - 7*x**2 - 8. What is i(-7)?
-8
Let v(w) = -5*w**2 - 11*w - 19. Determine v(-4).
-55
Let c(w) = w + 11. Calculate c(-16).
-5
Let a(o) = o**3 - 11*o**2 + 5*o + 12. Give a(10).
-38
Let c(m) = -2*m**3 + 61*m**2 - 30*m - 5. What is c(30)?
-5
Let c(n) = 2*n - 5. Give c(-7).
-19
Let u(o) = o**2 - 7*o - 25. Give u(-7).
73
Let q(n) = 5*n**2 + 3*n. Give q(1).
8
Let x(b) = -3*b - 6. What is x(4)?
-18
Let z(s) = 20*s - 49. Determine z(3).
11
Let l(b) = -10*b**2 - 2*b - 4. What is l(-2)?
-40
Let v(j) = 50*j - 291. What is v(6)?
9
Let i(n) = -9*n + 456. Determine i(49).
15
Let p(v) = -v**3 - 12*v**2 - 33*v + 2. Determine p(-5).
-8
Let u(y) = y**3 - 16*y**2 - 20*y + 12. Calculate u(17).
-39
Let p(l) = -l**2 + 8*l + 21. Determine p(-2).
1
Let b(w) = -w - 7. What is b(-3)?
-4
Let k(n) = -n**2 - 88*n + 12. Give k(0).
12
Let s(q) = -q**3 - 8*q**2 + 2*q + 5. Determine s(-8).
-11
Let p(u) = -3*u - 5. Give p(2).
-11
Let n(c) = -14*c - 9. Calculate n(-6).
75
Let m(u) = 6*u - 121. What is m(27)?
41
Let z(q) = q**3 - 10*q**2 - q + 8. Determine z(10).
-2
Let r(v) = v**3 - 4*v**2 - 13*v - 7. Determine r(6).
-13
Let a(m) = -m**2 - 2*m - 8. Give a(8).
-88
Let h(x) = 4*x**2 - 25*x + 4. Give h(6).
-2
Let i(j) = j - 11. Give i(5).
-6
Let k(o) = o**3 - 22*o**2 + o - 24. Give k(22).
-2
Let d(c) = -4*c**3 - 6*c**2 - 15*c - 10. Determine d(-1).
3
Let o(c) = -4*c + 15. Give o(-3).
27
Let g(y) = 8*y + 52. Calculate g(-6).
4
Let x(p) = -10*p**2 - 7*p. What is x(3)?
-111
Let m(q) = -7*q**2 - 9*q - 7. What is m(-3)?
-43
Let l(f) = 33*f - 298. Calculate l(9).
-1
Let i(l) = 4*l**3 + 2*l**2 - 2. Determine i(2).
38
Let l(h) = -h**3 - 7*h**2 - 3*h + 9. What is l(-6)?
-9
Let y(b) = 41*b + 250. Determine y(-6).
4
Let z(v) = 19*v - 2. Calculate z(-2).
-40
Let o(c) = 7*c + 8. Give o(0).
8
Let g(r) = -r**2 - 10*r + 33. Give g(-13).
-6
Let b(f) = f**2 - 8*f + 29. Give b(6).
17
Let o(g) = g**2 + 5*g + 2. Calculate o(-4).
-2
Let i(s) = -10*s**2 + 7*s + 7. Determine i(-2).
-47
Let h(o) = -46*o - 93. Calculate h(-2).
-1
Let y(a) = -a**2 - 12*a + 22. What is y(-14)?
-6
Let z(i) = i**2 + 2. Determine z(1).
3
Let x(m) = -2*m - 25. What is x(-8)?
-9
Let u(q) = 4*q**2 - 3*q - 2. Give u(-1).
5
Let n(u) = 15*u**3 + 2*u**2 + u. Give n(-1).
-14
Let f(w) = 3*w - 12. Determine f(10).
18
Let p(m) = -m**3 - 6*m**2 + 2*m - 9. Determine p(-6).
-21
Let q(t) = 2*t**2 + 18*t + 6. Give q(-9).
6
Let h(c) = c**3 - 5*c**2 - 7*c - 7. What is h(7)?
42
Let x(a) = 2*a**3 - 8*a**2 + 2*a - 18. Give x(6).
138
Let l(g) = g**3 - 11*g**2 + 8*g - 5. Give l(11).
83
Let w(f) = f**3 - 14*f**2 - 50*f - 15. Determine w(17).
2
Let i(k) = 474*k + 472. What is i(-1)?
-2
Let p(d) = d**2 - 27*d + 36. What is p(25)?
-14
Let h(m) = 2*m**3 - 34*m**2 + 2*m - 32. Calculate h(17).
2
Let t(b) = -b**2 + 6*b + 1. What is t(5)?
6
Let l(k) = k**3 + 5*k**2 - 14*k + 22. Calculate l(-8).
-58
Let o(v) = v**2 - 14*v + 1. Calculate o(10).
-39
Let l(b) = b**3 - 21*b**2 - 45*b - 17. Calculate l(23).
6
Let u(h) = -h**3 - 2*h**2 + 2*h + 4. Calculate u(-4).
28
Let a(r) = 11*r - 40. Give a(6).
26
Let p(z) = 3*z. Determine p(-8).
-24
Let r(g) = 2*g**3 - 23*g**2 + 32*g - 19. Determine r(10).
1
Let g(n) = -n**3 - 6*n**2 - 3*n + 22. Give g(-4).
2
Let g(k) = -7*k**3 - 2*k**2 - 3*k - 1. Determine g(-1).
7
Let d(l) = -l**3 - 3*l**2 - l + 1. Give d(-2).
-1
Let h(l) = -l**3 + 6*l**2 + 12*l - 3. Give h(8).
-35
Let z(i) = i**3 - 5*i**2 + 3*i + 5. Determine z(5).
20
Let s(h) = h**3 + 3*h**2 - 4*h + 1. Determine s(-4).
1
Let j(r) = -r**3 - 9*r**2 + 25*r + 27. Give j(-11).
-6
Let n(k) = 3*k**3 - k**2 - k + 7. Determine n(2).
25
Let o(m) = -2*m**2 + 17*m - 4. Give o(7).
17
Let g(z) = z**3 - 5*z**2 - 14*z + 10. What is g(7)?
10
Let t(q) = 5*q**2 - 39*q - 7. Calculate t(8).
1
Let i(g) = g**2 + 6*g - 2. Give i(-5).
-7
Let f(x) = x**3 + 2*x**2 - 5*x - 4. Calculate f(-4).
-16
Let z(f) = -f**3 - 15*f**2 - 14*f + 17. Determine z(-14).
17
Let f(x) = -x**3 + 13*x**2 + 13*x + 9. What is f(14)?
-5
Let h(c) = -2*c**2 + 27*c - 31. Calculate h(12).
5
Let n(h) = h**3 - 44*h**2 + 40*h + 138. What is n(43)?
9
Let d(z) = -17*z - 4. Determine d(-2).
30
Let u(x) = x - 8. Give u(9).
1
Let q(r) = 3*r**2 - 32*r + 25. Give q(11).
36
Let n(x) = x**2 + 14*x - 4. What is n(-14)?
-4
Let u(p) = -p**2 + 10*p - 10. Calculate u(6).
14
Let p(d) = -23*d - 3. Give p(-1).
20
Let w(y) = y**3 - 3*y + 5. Give w(0).
5
Let q(p) = 4*p + 7. Calculate q(5).
27
Let k(h) = -2*h - 8. Calculate k(4).
-16
Let o(p) = p + 32. Give o(-15).
17
Let f(p) = p + 63. Calculate f(-8).
55
Let c(g) = g**2 - 12*g + 6. Give c(8).
-26
Let r(p) = -p**2 - 10*p - 17. Give r(-8).
-1
Let u(f) = -f**3 + 6*f**2 + 4*f - 4. What is u(6)?
20
Let t(b) = 10*b**3 - 4*b**2 - b. Determine t(1).
5
Let p(q) = -q**3 - 4*q**2 - 5*q - 7. What is p(-5)?
43
Let t(a) = -a**3 + 9*a**2 - 18*a + 19. What is t(7)?
-9
Let b(w) = -14*w - 8. What is b(-5)?
62
Let m(c) = c**2 + 22*c + 94. Give m(-16).
-2
Let z(l) = -l**2 - 3*l - 2. Determine z(-5).
-12
Let i(c) = -c**3 + 3*c**2 + c - 6. What is i(-3)?
45
Let j(z) = z**3 - 4*z**2 + 7*z - 9. Give j(4).
19
Let z(w) = 90*w + 2792. Give z(-31).
2
Let k(m) = 12*m - 1. What is k(1)?
11
Let n(s) = s**3 + 21*s**2 - 69*s + 79. Give n(-24).
7
Let c(f) = -7*f + 24. Calculate c(6).
-18
Let d(y) = -6*y**3 - y**2. What is d(1)?
-7
Let s(l) = -l**3 - 19*l**2 - 3*l - 45. What is s(-19)?
12
Let b(a) = -a**2 + 7*a - 14. Give b(9).
-32
Let m(q) = 6*q + 98. What is m(-19)?
-16
Let d(v) = 80*v - 497. Give d(6).
-17
Let q(i) = -3*i - 33. Give q(-15).
12
Let z(r) = 7*r**2 - 2*r - 6. Calculate z(3).
51
Let m(n) = 11*n**3 - n**2 + 1. Give m(1).
11
Let n(h) = -h + 3. Determine n(8).
-5
Let c(t) = -t**2 + 12*t + 11. Determine c(15).
-34
Let s(j) = j**3 - j**2 - j - 1. Calculate s(-1).
-2
Let c(y) = 3*y**2 - 6*y - 13. Calculate c(-3).
32
Let l(b) = -11*b + 29. Calculate l(3).
-4
Let h(g) = g**3 - 7*g**2 - 2*g + 3. Give h(7).
-11
Let j(r) = 100*r - 492. Calculate j(5).
8
Let y(h) = h**3 + 22*h**2 - 4*h - 44. Determine y(-22).
44
Let i(v) = v - 23. What is i(9)?
-14
Let t(y) = -y**3 + 11*y**2 - 15*y + 1. Calculate t(9).
28
Let d(z) = 2*z**2 + 16*z - 8. Calculate d(-9).
10
Let i(q) = -7*q**2 + 159*q + 57. What is i(23)?
11
Let b(d) = -d - 1. Calculate b(-4).
3
Let t(i) = -i**2 + 2*i + 2. Give t(9).
-61
Let i(k) = k**3 + 6*k**2 - 11*k - 29. Calculate i(-7).
-1
Let d(t) = t**2 + 6*t + 3. Give d(-5).
-2
Let r(g) = g + 7. Determine r(10).
17
Let g(h) = 2*h**2 + 19*h + 17. Give g(-9).
8
Let a(o) = 2*o**2 - 9. Give a(0).
-9
Let u(n) = -n + 7. Calculate u(-6).
13
Let u(k) = k**2 - 7. Determine u(-5).
18
Let i(v) = -v**3 - 8*v**2 - 6*v - 2. Determine i(-7).
-9
Let d(m) = -4*m - 11. What is d(-6)?
13
Let n(w) = 3*w**2 + 1. What is n(1)?
4
Let o(i) = -2*i**3 + 3*i**2 + 6*i + 5. What is o(-4)?
157
Let j(z) = 13*z - 6. Give j(-4).
-58
Let b(a) = -3*a**2 + 23*a. Determine b(8).
-8
Let d(u) = 30*u**2 - 4*u. Give d(-1).
34
Let l(v) = -v**2 - 8*v + 21. Calculate l(2).
1
Let a(u) = 4*u - 6. Give a(8).
26
Let f(a) = 2*a**2 - 16*a - 2. What is f(8)?
-2
Let q(l) = 2*l**2 + 11*l + 4. Calculate q(-4).
-8
Let i(z) = -2*z**2 - 12*z + 32. Calculate i(-8).
0
Let j(r) = -r**3 + 7*